{"id":256,"date":"2022-04-14T10:02:56","date_gmt":"2022-04-14T08:02:56","guid":{"rendered":"http:\/\/www.toiture-pro.be\/?page_id=256"},"modified":"2022-04-15T16:32:04","modified_gmt":"2022-04-15T14:32:04","slug":"velux","status":"publish","type":"page","link":"https:\/\/www.toiture-pro.be\/index.php\/services\/velux\/","title":{"rendered":"Velux"},"content":{"rendered":"\n<div class=\"wp-block-columns is-layout-flex wp-container-core-columns-is-layout-9d6595d7 wp-block-columns-is-layout-flex\">\n<div class=\"wp-block-column is-layout-flow wp-block-column-is-layout-flow\">\n<div class=\"wp-block-image is-style-rounded\"><figure class=\"aligncenter size-full is-resized\"><img loading=\"lazy\" decoding=\"async\" src=\"http:\/\/www.toiture-pro.be\/wp-content\/uploads\/2022\/04\/fenetre-velux-toiture-pro.jpg\" alt=\"fen\u00eatre Velux sur toit en tuiles rouge\" class=\"wp-image-446\" width=\"312\" height=\"313\" srcset=\"https:\/\/www.toiture-pro.be\/wp-content\/uploads\/2022\/04\/fenetre-velux-toiture-pro.jpg 194w, https:\/\/www.toiture-pro.be\/wp-content\/uploads\/2022\/04\/fenetre-velux-toiture-pro-150x150.jpg 150w\" sizes=\"auto, (max-width: 312px) 100vw, 312px\" \/><\/figure><\/div>\n<\/div>\n<\/div>\n\n\n\n<p>Que vous ayez un chambre sous votre toit ou que vous souhaitez am\u00e9nager vos combles, le Velux est un tr\u00e8s bon moyen d&#8217;obtenir une source de lumi\u00e8re naturelle.<br>Nous sommes capables d&#8217;installer vos Velux neufs ou bien de faire de la r\u00e9novation.<\/p>\n\n\n\n<p>Un Velux est un vrai plus dans une pi\u00e8ce am\u00e9nag\u00e9e sous une toiture !<\/p>\n\n\n\n<figure class=\"wp-block-image size-large\"><img loading=\"lazy\" decoding=\"async\" width=\"1024\" height=\"769\" src=\"http:\/\/www.toiture-pro.be\/wp-content\/uploads\/2022\/04\/velux-ggl-sk06-confort-ouverture-par-rotation-114x118-cm-1-1024x769.jpg\" alt=\"\" class=\"wp-image-501\" srcset=\"https:\/\/www.toiture-pro.be\/wp-content\/uploads\/2022\/04\/velux-ggl-sk06-confort-ouverture-par-rotation-114x118-cm-1-1024x769.jpg 1024w, https:\/\/www.toiture-pro.be\/wp-content\/uploads\/2022\/04\/velux-ggl-sk06-confort-ouverture-par-rotation-114x118-cm-1-300x225.jpg 300w, https:\/\/www.toiture-pro.be\/wp-content\/uploads\/2022\/04\/velux-ggl-sk06-confort-ouverture-par-rotation-114x118-cm-1-768x577.jpg 768w, https:\/\/www.toiture-pro.be\/wp-content\/uploads\/2022\/04\/velux-ggl-sk06-confort-ouverture-par-rotation-114x118-cm-1.jpg 1500w\" sizes=\"auto, (max-width: 1024px) 100vw, 1024px\" \/><\/figure>\n","protected":false},"excerpt":{"rendered":"<p>Que vous ayez un chambre sous votre toit ou que vous souhaitez am\u00e9nager vos combles, le Velux est un tr\u00e8s bon moyen d&#8217;obtenir une source de lumi\u00e8re naturelle.Nous sommes capables d&#8217;installer vos Velux neufs ou bien de faire de la r\u00e9novation. Un Velux est un vrai plus dans une pi\u00e8ce am\u00e9nag\u00e9e sous une toiture !<\/p>\n","protected":false},"author":1,"featured_media":0,"parent":283,"menu_order":5,"comment_status":"closed","ping_status":"closed","template":"","meta":{"footnotes":""},"class_list":["post-256","page","type-page","status-publish","hentry"],"yoast_head":"<!-- This site is optimized with the Yoast SEO plugin v21.7 - https:\/\/yoast.com\/wordpress\/plugins\/seo\/ -->\n<title>Velux - Toiture Pro<\/title>\n<meta name=\"robots\" content=\"index, follow, max-snippet:-1, max-image-preview:large, max-video-preview:-1\" \/>\n<link rel=\"canonical\" href=\"https:\/\/www.toiture-pro.be\/index.php\/services\/velux\/\" \/>\n<meta property=\"og:locale\" content=\"fr_FR\" \/>\n<meta property=\"og:type\" content=\"article\" \/>\n<meta property=\"og:title\" content=\"Velux - Toiture Pro\" \/>\n<meta property=\"og:description\" content=\"Que vous ayez un chambre sous votre toit ou que vous souhaitez am\u00e9nager vos combles, le Velux est un tr\u00e8s bon moyen d&#8217;obtenir une source de lumi\u00e8re naturelle.Nous sommes capables d&#8217;installer vos Velux neufs ou bien de faire de la r\u00e9novation. Un Velux est un vrai plus dans une pi\u00e8ce am\u00e9nag\u00e9e sous une toiture !\" \/>\n<meta property=\"og:url\" content=\"https:\/\/www.toiture-pro.be\/index.php\/services\/velux\/\" \/>\n<meta property=\"og:site_name\" content=\"Toiture Pro\" \/>\n<meta property=\"article:modified_time\" content=\"2022-04-15T14:32:04+00:00\" \/>\n<meta property=\"og:image\" content=\"http:\/\/www.toiture-pro.be\/wp-content\/uploads\/2022\/04\/fenetre-velux-toiture-pro.jpg\" \/>\n<meta name=\"twitter:card\" content=\"summary_large_image\" \/>\n<script type=\"application\/ld+json\" class=\"yoast-schema-graph\">{\"@context\":\"https:\/\/schema.org\",\"@graph\":[{\"@type\":\"WebPage\",\"@id\":\"https:\/\/www.toiture-pro.be\/index.php\/services\/velux\/\",\"url\":\"https:\/\/www.toiture-pro.be\/index.php\/services\/velux\/\",\"name\":\"Velux - Toiture Pro\",\"isPartOf\":{\"@id\":\"https:\/\/www.toiture-pro.be\/#website\"},\"datePublished\":\"2022-04-14T08:02:56+00:00\",\"dateModified\":\"2022-04-15T14:32:04+00:00\",\"breadcrumb\":{\"@id\":\"https:\/\/www.toiture-pro.be\/index.php\/services\/velux\/#breadcrumb\"},\"inLanguage\":\"fr-FR\",\"potentialAction\":[{\"@type\":\"ReadAction\",\"target\":[\"https:\/\/www.toiture-pro.be\/index.php\/services\/velux\/\"]}]},{\"@type\":\"BreadcrumbList\",\"@id\":\"https:\/\/www.toiture-pro.be\/index.php\/services\/velux\/#breadcrumb\",\"itemListElement\":[{\"@type\":\"ListItem\",\"position\":1,\"name\":\"Accueil\",\"item\":\"https:\/\/www.toiture-pro.be\/\"},{\"@type\":\"ListItem\",\"position\":2,\"name\":\"Services\",\"item\":\"https:\/\/www.toiture-pro.be\/index.php\/services\/\"},{\"@type\":\"ListItem\",\"position\":3,\"name\":\"Velux\"}]},{\"@type\":\"WebSite\",\"@id\":\"https:\/\/www.toiture-pro.be\/#website\",\"url\":\"https:\/\/www.toiture-pro.be\/\",\"name\":\"Toiture Pro\",\"description\":\"Un point c&#039;est Toit !\",\"publisher\":{\"@id\":\"https:\/\/www.toiture-pro.be\/#organization\"},\"potentialAction\":[{\"@type\":\"SearchAction\",\"target\":{\"@type\":\"EntryPoint\",\"urlTemplate\":\"https:\/\/www.toiture-pro.be\/?s={search_term_string}\"},\"query-input\":\"required name=search_term_string\"}],\"inLanguage\":\"fr-FR\"},{\"@type\":\"Organization\",\"@id\":\"https:\/\/www.toiture-pro.be\/#organization\",\"name\":\"Toiture Pro\",\"url\":\"https:\/\/www.toiture-pro.be\/\",\"logo\":{\"@type\":\"ImageObject\",\"inLanguage\":\"fr-FR\",\"@id\":\"https:\/\/www.toiture-pro.be\/#\/schema\/logo\/image\/\",\"url\":\"https:\/\/www.toiture-pro.be\/wp-content\/uploads\/2022\/04\/cropped-logo-2-new-ok.jpg\",\"contentUrl\":\"https:\/\/www.toiture-pro.be\/wp-content\/uploads\/2022\/04\/cropped-logo-2-new-ok.jpg\",\"width\":240,\"height\":113,\"caption\":\"Toiture Pro\"},\"image\":{\"@id\":\"https:\/\/www.toiture-pro.be\/#\/schema\/logo\/image\/\"}}]}<\/script>\n<!-- \/ Yoast SEO plugin. -->","yoast_head_json":{"title":"Velux - Toiture Pro","robots":{"index":"index","follow":"follow","max-snippet":"max-snippet:-1","max-image-preview":"max-image-preview:large","max-video-preview":"max-video-preview:-1"},"canonical":"https:\/\/www.toiture-pro.be\/index.php\/services\/velux\/","og_locale":"fr_FR","og_type":"article","og_title":"Velux - Toiture Pro","og_description":"Que vous ayez un chambre sous votre toit ou que vous souhaitez am\u00e9nager vos combles, le Velux est un tr\u00e8s bon moyen d&#8217;obtenir une source de lumi\u00e8re naturelle.Nous sommes capables d&#8217;installer vos Velux neufs ou bien de faire de la r\u00e9novation. Un Velux est un vrai plus dans une pi\u00e8ce am\u00e9nag\u00e9e sous une toiture !","og_url":"https:\/\/www.toiture-pro.be\/index.php\/services\/velux\/","og_site_name":"Toiture Pro","article_modified_time":"2022-04-15T14:32:04+00:00","og_image":[{"url":"http:\/\/www.toiture-pro.be\/wp-content\/uploads\/2022\/04\/fenetre-velux-toiture-pro.jpg"}],"twitter_card":"summary_large_image","schema":{"@context":"https:\/\/schema.org","@graph":[{"@type":"WebPage","@id":"https:\/\/www.toiture-pro.be\/index.php\/services\/velux\/","url":"https:\/\/www.toiture-pro.be\/index.php\/services\/velux\/","name":"Velux - Toiture Pro","isPartOf":{"@id":"https:\/\/www.toiture-pro.be\/#website"},"datePublished":"2022-04-14T08:02:56+00:00","dateModified":"2022-04-15T14:32:04+00:00","breadcrumb":{"@id":"https:\/\/www.toiture-pro.be\/index.php\/services\/velux\/#breadcrumb"},"inLanguage":"fr-FR","potentialAction":[{"@type":"ReadAction","target":["https:\/\/www.toiture-pro.be\/index.php\/services\/velux\/"]}]},{"@type":"BreadcrumbList","@id":"https:\/\/www.toiture-pro.be\/index.php\/services\/velux\/#breadcrumb","itemListElement":[{"@type":"ListItem","position":1,"name":"Accueil","item":"https:\/\/www.toiture-pro.be\/"},{"@type":"ListItem","position":2,"name":"Services","item":"https:\/\/www.toiture-pro.be\/index.php\/services\/"},{"@type":"ListItem","position":3,"name":"Velux"}]},{"@type":"WebSite","@id":"https:\/\/www.toiture-pro.be\/#website","url":"https:\/\/www.toiture-pro.be\/","name":"Toiture Pro","description":"Un point c&#039;est Toit !","publisher":{"@id":"https:\/\/www.toiture-pro.be\/#organization"},"potentialAction":[{"@type":"SearchAction","target":{"@type":"EntryPoint","urlTemplate":"https:\/\/www.toiture-pro.be\/?s={search_term_string}"},"query-input":"required name=search_term_string"}],"inLanguage":"fr-FR"},{"@type":"Organization","@id":"https:\/\/www.toiture-pro.be\/#organization","name":"Toiture Pro","url":"https:\/\/www.toiture-pro.be\/","logo":{"@type":"ImageObject","inLanguage":"fr-FR","@id":"https:\/\/www.toiture-pro.be\/#\/schema\/logo\/image\/","url":"https:\/\/www.toiture-pro.be\/wp-content\/uploads\/2022\/04\/cropped-logo-2-new-ok.jpg","contentUrl":"https:\/\/www.toiture-pro.be\/wp-content\/uploads\/2022\/04\/cropped-logo-2-new-ok.jpg","width":240,"height":113,"caption":"Toiture Pro"},"image":{"@id":"https:\/\/www.toiture-pro.be\/#\/schema\/logo\/image\/"}}]}},"_links":{"self":[{"href":"https:\/\/www.toiture-pro.be\/index.php\/wp-json\/wp\/v2\/pages\/256","targetHints":{"allow":["GET"]}}],"collection":[{"href":"https:\/\/www.toiture-pro.be\/index.php\/wp-json\/wp\/v2\/pages"}],"about":[{"href":"https:\/\/www.toiture-pro.be\/index.php\/wp-json\/wp\/v2\/types\/page"}],"author":[{"embeddable":true,"href":"https:\/\/www.toiture-pro.be\/index.php\/wp-json\/wp\/v2\/users\/1"}],"replies":[{"embeddable":true,"href":"https:\/\/www.toiture-pro.be\/index.php\/wp-json\/wp\/v2\/comments?post=256"}],"version-history":[{"count":18,"href":"https:\/\/www.toiture-pro.be\/index.php\/wp-json\/wp\/v2\/pages\/256\/revisions"}],"predecessor-version":[{"id":539,"href":"https:\/\/www.toiture-pro.be\/index.php\/wp-json\/wp\/v2\/pages\/256\/revisions\/539"}],"up":[{"embeddable":true,"href":"https:\/\/www.toiture-pro.be\/index.php\/wp-json\/wp\/v2\/pages\/283"}],"wp:attachment":[{"href":"https:\/\/www.toiture-pro.be\/index.php\/wp-json\/wp\/v2\/media?parent=256"}],"curies":[{"name":"wp","href":"https:\/\/api.w.org\/{rel}","templated":true}]}}

<div class="wp-block-columns is-layout-flex wp-container-core-columns-is-layout-9d6595d7 wp-block-columns-is-layout-flex">
<div class="wp-block-column is-layout-flow wp-block-column-is-layout-flow">
<div class="wp-block-image is-style-rounded"><figure class="aligncenter size-full is-resized"><img loading="lazy" decoding="async" src="http://www.toiture-pro.be/wp-content/uploads/2022/04/fenetre-velux-toiture-pro.jpg" alt="fenêtre Velux sur toit en tuiles rouge" class="wp-image-446" width="312" height="313" srcset="https://www.toiture-pro.be/wp-content/uploads/2022/04/fenetre-velux-toiture-pro.jpg 194w, https://www.toiture-pro.be/wp-content/uploads/2022/04/fenetre-velux-toiture-pro-150x150.jpg 150w" sizes="auto, (max-width: 312px) 100vw, 312px" /></figure></div>
</div>
</div>



<p>Que vous ayez un chambre sous votre toit ou que vous souhaitez aménager vos combles, le Velux est un très bon moyen d&#8217;obtenir une source de lumière naturelle.<br>Nous sommes capables d&#8217;installer vos Velux neufs ou bien de faire de la rénovation.</p>



<p>Un Velux est un vrai plus dans une pièce aménagée sous une toiture !</p>



<figure class="wp-block-image size-large"><img loading="lazy" decoding="async" width="1024" height="769" src="http://www.toiture-pro.be/wp-content/uploads/2022/04/velux-ggl-sk06-confort-ouverture-par-rotation-114x118-cm-1-1024x769.jpg" alt="" class="wp-image-501" srcset="https://www.toiture-pro.be/wp-content/uploads/2022/04/velux-ggl-sk06-confort-ouverture-par-rotation-114x118-cm-1-1024x769.jpg 1024w, https://www.toiture-pro.be/wp-content/uploads/2022/04/velux-ggl-sk06-confort-ouverture-par-rotation-114x118-cm-1-300x225.jpg 300w, https://www.toiture-pro.be/wp-content/uploads/2022/04/velux-ggl-sk06-confort-ouverture-par-rotation-114x118-cm-1-768x577.jpg 768w, https://www.toiture-pro.be/wp-content/uploads/2022/04/velux-ggl-sk06-confort-ouverture-par-rotation-114x118-cm-1.jpg 1500w" sizes="auto, (max-width: 1024px) 100vw, 1024px" /></figure>

<p>Que vous ayez un chambre sous votre toit ou que vous souhaitez aménager vos combles, le Velux est un très bon moyen d&#8217;obtenir une source de lumière naturelle.Nous sommes capables d&#8217;installer vos Velux neufs ou bien de faire de la rénovation. Un Velux est un vrai plus dans une pièce aménagée sous une toiture !</p>

<!-- This site is optimized with the Yoast SEO plugin v21.7 - https://yoast.com/wordpress/plugins/seo/ -->
<title>Velux - Toiture Pro</title>
<meta name="robots" content="index, follow, max-snippet:-1, max-image-preview:large, max-video-preview:-1" />
<link rel="canonical" href="https://www.toiture-pro.be/index.php/services/velux/" />
<meta property="og:locale" content="fr_FR" />
<meta property="og:type" content="article" />
<meta property="og:title" content="Velux - Toiture Pro" />
<meta property="og:description" content="Que vous ayez un chambre sous votre toit ou que vous souhaitez aménager vos combles, le Velux est un très bon moyen d&#8217;obtenir une source de lumière naturelle.Nous sommes capables d&#8217;installer vos Velux neufs ou bien de faire de la rénovation. Un Velux est un vrai plus dans une pièce aménagée sous une toiture !" />
<meta property="og:url" content="https://www.toiture-pro.be/index.php/services/velux/" />
<meta property="og:site_name" content="Toiture Pro" />
<meta property="article:modified_time" content="2022-04-15T14:32:04+00:00" />
<meta property="og:image" content="http://www.toiture-pro.be/wp-content/uploads/2022/04/fenetre-velux-toiture-pro.jpg" />
<meta name="twitter:card" content="summary_large_image" />
<script type="application/ld+json" class="yoast-schema-graph">{"@context":"https://schema.org","@graph":[{"@type":"WebPage","@id":"https://www.toiture-pro.be/index.php/services/velux/","url":"https://www.toiture-pro.be/index.php/services/velux/","name":"Velux - Toiture Pro","isPartOf":{"@id":"https://www.toiture-pro.be/#website"},"datePublished":"2022-04-14T08:02:56+00:00","dateModified":"2022-04-15T14:32:04+00:00","breadcrumb":{"@id":"https://www.toiture-pro.be/index.php/services/velux/#breadcrumb"},"inLanguage":"fr-FR","potentialAction":[{"@type":"ReadAction","target":["https://www.toiture-pro.be/index.php/services/velux/"]}]},{"@type":"BreadcrumbList","@id":"https://www.toiture-pro.be/index.php/services/velux/#breadcrumb","itemListElement":[{"@type":"ListItem","position":1,"name":"Accueil","item":"https://www.toiture-pro.be/"},{"@type":"ListItem","position":2,"name":"Services","item":"https://www.toiture-pro.be/index.php/services/"},{"@type":"ListItem","position":3,"name":"Velux"}]},{"@type":"WebSite","@id":"https://www.toiture-pro.be/#website","url":"https://www.toiture-pro.be/","name":"Toiture Pro","description":"Un point c&#039;est Toit !","publisher":{"@id":"https://www.toiture-pro.be/#organization"},"potentialAction":[{"@type":"SearchAction","target":{"@type":"EntryPoint","urlTemplate":"https://www.toiture-pro.be/?s={search_term_string}"},"query-input":"required name=search_term_string"}],"inLanguage":"fr-FR"},{"@type":"Organization","@id":"https://www.toiture-pro.be/#organization","name":"Toiture Pro","url":"https://www.toiture-pro.be/","logo":{"@type":"ImageObject","inLanguage":"fr-FR","@id":"https://www.toiture-pro.be/#/schema/logo/image/","url":"https://www.toiture-pro.be/wp-content/uploads/2022/04/cropped-logo-2-new-ok.jpg","contentUrl":"https://www.toiture-pro.be/wp-content/uploads/2022/04/cropped-logo-2-new-ok.jpg","width":240,"height":113,"caption":"Toiture Pro"},"image":{"@id":"https://www.toiture-pro.be/#/schema/logo/image/"}}]}</script>
<!-- / Yoast SEO plugin. -->

Que vous ayez un chambre sous votre toit ou que vous souhaitez aménager vos combles, le Velux est un très bon moyen d&#8217;obtenir une source de lumière naturelle.Nous sommes capables d&#8217;installer vos Velux neufs ou bien de faire de la rénovation. Un Velux est un vrai plus dans une pièce aménagée sous une toiture !
