{"id":289,"date":"2022-04-14T10:08:59","date_gmt":"2022-04-14T08:08:59","guid":{"rendered":"http:\/\/www.toiture-pro.be\/?page_id=289"},"modified":"2022-04-15T15:52:47","modified_gmt":"2022-04-15T13:52:47","slug":"toiture","status":"publish","type":"page","link":"https:\/\/www.toiture-pro.be\/index.php\/services\/toiture\/","title":{"rendered":"Toiture"},"content":{"rendered":"\n<figure class=\"wp-block-image size-large is-resized\"><img loading=\"lazy\" decoding=\"async\" src=\"http:\/\/www.toiture-pro.be\/wp-content\/uploads\/2022\/04\/toiture-3-1024x314.jpg\" alt=\"\" class=\"wp-image-524\" width=\"1342\" height=\"413\" srcset=\"https:\/\/www.toiture-pro.be\/wp-content\/uploads\/2022\/04\/toiture-3-1024x314.jpg 1024w, https:\/\/www.toiture-pro.be\/wp-content\/uploads\/2022\/04\/toiture-3-300x92.jpg 300w, https:\/\/www.toiture-pro.be\/wp-content\/uploads\/2022\/04\/toiture-3-768x236.jpg 768w, https:\/\/www.toiture-pro.be\/wp-content\/uploads\/2022\/04\/toiture-3.jpg 1270w\" sizes=\"auto, (max-width: 1342px) 100vw, 1342px\" \/><\/figure>\n\n\n\n<p>Lorsque nous intervenons sur votre toiture, nous mettons toutes nos comp\u00e9tences \u00e0 votre service et ce, pour vous proposer les meilleures prestations possibles et vous assurer un toit solide et de la meilleure qualit\u00e9.<\/p>\n\n\n\n<p>La pose d&#8217;une toiture doit \u00eatre r\u00e9alis\u00e9e de mani\u00e8re pr\u00e9cise et s\u00e9rieuse car c&#8217;est la partie de votre toit qui est en contact direct avec les diff\u00e9rentes intemp\u00e9ries que votre habitation peut subir.<br>Il suffit simplement qu&#8217;une tuile soit mal pos\u00e9e sur votre toiture et votre maison devient tr\u00e8s vuln\u00e9rable, notamment aux fuites.<\/p>\n\n\n\n<p>Afin d&#8217;\u00eatre s\u00fbr que votre toiture soit parfaitement \u00e9tanche, il est n\u00e9cessaire d&#8217;utiliser les meilleurs mat\u00e9riaux possibles, mais vous devez \u00e9galement faire appel \u00e0 des experts afin de poser ces mat\u00e9riaux de la meilleure mani\u00e8re possible sur votre toiture.<\/p>\n\n\n\n<p>Que ce soit tuiles plates, ardoises, b\u00e9tons, m\u00e9caniques, bac acier ou tout autre installations, faites appel \u00e0 nous !<\/p>\n\n\n\n<p>Nous faisons de la r\u00e9novation ou bien du neuf, nous sommes capables de travailler sur tout type de toiture.<\/p>\n\n\n\n<figure class=\"wp-block-gallery has-nested-images columns-default is-cropped wp-block-gallery-1 is-layout-flex wp-block-gallery-is-layout-flex\">\n<figure class=\"wp-block-image size-large\"><img loading=\"lazy\" decoding=\"async\" width=\"274\" height=\"184\" data-id=\"530\" src=\"http:\/\/www.toiture-pro.be\/wp-content\/uploads\/2022\/04\/toiture-6-1.jpg\" alt=\"\" class=\"wp-image-530\"\/><\/figure>\n\n\n\n<figure class=\"wp-block-image size-large\"><img loading=\"lazy\" decoding=\"async\" width=\"259\" height=\"194\" data-id=\"531\" src=\"http:\/\/www.toiture-pro.be\/wp-content\/uploads\/2022\/04\/toiture-7-1.jpg\" alt=\"\" class=\"wp-image-531\"\/><\/figure>\n\n\n\n<figure class=\"wp-block-image size-large\"><img loading=\"lazy\" decoding=\"async\" width=\"1024\" height=\"678\" data-id=\"529\" src=\"http:\/\/www.toiture-pro.be\/wp-content\/uploads\/2022\/04\/toiture3-1-1024x678.jpg\" alt=\"\" class=\"wp-image-529\" srcset=\"https:\/\/www.toiture-pro.be\/wp-content\/uploads\/2022\/04\/toiture3-1-1024x678.jpg 1024w, https:\/\/www.toiture-pro.be\/wp-content\/uploads\/2022\/04\/toiture3-1-300x199.jpg 300w, https:\/\/www.toiture-pro.be\/wp-content\/uploads\/2022\/04\/toiture3-1-768x509.jpg 768w, https:\/\/www.toiture-pro.be\/wp-content\/uploads\/2022\/04\/toiture3-1-1536x1018.jpg 1536w, https:\/\/www.toiture-pro.be\/wp-content\/uploads\/2022\/04\/toiture3-1.jpg 1600w\" sizes=\"auto, (max-width: 1024px) 100vw, 1024px\" \/><\/figure>\n<\/figure>\n","protected":false},"excerpt":{"rendered":"<p>Lorsque nous intervenons sur votre toiture, nous mettons toutes nos comp\u00e9tences \u00e0 votre service et ce, pour vous proposer les meilleures prestations possibles et vous assurer un toit solide et de la meilleure qualit\u00e9. La pose d&#8217;une toiture doit \u00eatre r\u00e9alis\u00e9e de mani\u00e8re pr\u00e9cise et s\u00e9rieuse car c&#8217;est la partie de votre toit qui est &hellip; <\/p>\n<p class=\"link-more\"><a href=\"https:\/\/www.toiture-pro.be\/index.php\/services\/toiture\/\" class=\"more-link\">Continue reading<span class=\"screen-reader-text\"> &#8220;Toiture&#8221;<\/span><\/a><\/p>\n","protected":false},"author":1,"featured_media":0,"parent":283,"menu_order":1,"comment_status":"closed","ping_status":"closed","template":"","meta":{"footnotes":""},"class_list":["post-289","page","type-page","status-publish","hentry"],"yoast_head":"<!-- This site is optimized with the Yoast SEO plugin v21.7 - https:\/\/yoast.com\/wordpress\/plugins\/seo\/ -->\n<title>Toiture - Toiture Pro<\/title>\n<meta name=\"robots\" content=\"index, follow, max-snippet:-1, max-image-preview:large, max-video-preview:-1\" \/>\n<link rel=\"canonical\" href=\"https:\/\/www.toiture-pro.be\/index.php\/services\/toiture\/\" \/>\n<meta property=\"og:locale\" content=\"fr_FR\" \/>\n<meta property=\"og:type\" content=\"article\" \/>\n<meta property=\"og:title\" content=\"Toiture - Toiture Pro\" \/>\n<meta property=\"og:description\" content=\"Lorsque nous intervenons sur votre toiture, nous mettons toutes nos comp\u00e9tences \u00e0 votre service et ce, pour vous proposer les meilleures prestations possibles et vous assurer un toit solide et de la meilleure qualit\u00e9. La pose d&#8217;une toiture doit \u00eatre r\u00e9alis\u00e9e de mani\u00e8re pr\u00e9cise et s\u00e9rieuse car c&#8217;est la partie de votre toit qui est &hellip; Continue reading &quot;Toiture&quot;\" \/>\n<meta property=\"og:url\" content=\"https:\/\/www.toiture-pro.be\/index.php\/services\/toiture\/\" \/>\n<meta property=\"og:site_name\" content=\"Toiture Pro\" \/>\n<meta property=\"article:modified_time\" content=\"2022-04-15T13:52:47+00:00\" \/>\n<meta property=\"og:image\" content=\"http:\/\/www.toiture-pro.be\/wp-content\/uploads\/2022\/04\/toiture-3-1024x314.jpg\" \/>\n<meta name=\"twitter:card\" content=\"summary_large_image\" \/>\n<meta name=\"twitter:label1\" content=\"Dur\u00e9e de lecture estim\u00e9e\" \/>\n\t<meta name=\"twitter:data1\" content=\"1 minute\" \/>\n<script type=\"application\/ld+json\" class=\"yoast-schema-graph\">{\"@context\":\"https:\/\/schema.org\",\"@graph\":[{\"@type\":\"WebPage\",\"@id\":\"https:\/\/www.toiture-pro.be\/index.php\/services\/toiture\/\",\"url\":\"https:\/\/www.toiture-pro.be\/index.php\/services\/toiture\/\",\"name\":\"Toiture - Toiture Pro\",\"isPartOf\":{\"@id\":\"https:\/\/www.toiture-pro.be\/#website\"},\"datePublished\":\"2022-04-14T08:08:59+00:00\",\"dateModified\":\"2022-04-15T13:52:47+00:00\",\"breadcrumb\":{\"@id\":\"https:\/\/www.toiture-pro.be\/index.php\/services\/toiture\/#breadcrumb\"},\"inLanguage\":\"fr-FR\",\"potentialAction\":[{\"@type\":\"ReadAction\",\"target\":[\"https:\/\/www.toiture-pro.be\/index.php\/services\/toiture\/\"]}]},{\"@type\":\"BreadcrumbList\",\"@id\":\"https:\/\/www.toiture-pro.be\/index.php\/services\/toiture\/#breadcrumb\",\"itemListElement\":[{\"@type\":\"ListItem\",\"position\":1,\"name\":\"Accueil\",\"item\":\"https:\/\/www.toiture-pro.be\/\"},{\"@type\":\"ListItem\",\"position\":2,\"name\":\"Services\",\"item\":\"https:\/\/www.toiture-pro.be\/index.php\/services\/\"},{\"@type\":\"ListItem\",\"position\":3,\"name\":\"Toiture\"}]},{\"@type\":\"WebSite\",\"@id\":\"https:\/\/www.toiture-pro.be\/#website\",\"url\":\"https:\/\/www.toiture-pro.be\/\",\"name\":\"Toiture Pro\",\"description\":\"Un point c&#039;est Toit !\",\"publisher\":{\"@id\":\"https:\/\/www.toiture-pro.be\/#organization\"},\"potentialAction\":[{\"@type\":\"SearchAction\",\"target\":{\"@type\":\"EntryPoint\",\"urlTemplate\":\"https:\/\/www.toiture-pro.be\/?s={search_term_string}\"},\"query-input\":\"required name=search_term_string\"}],\"inLanguage\":\"fr-FR\"},{\"@type\":\"Organization\",\"@id\":\"https:\/\/www.toiture-pro.be\/#organization\",\"name\":\"Toiture Pro\",\"url\":\"https:\/\/www.toiture-pro.be\/\",\"logo\":{\"@type\":\"ImageObject\",\"inLanguage\":\"fr-FR\",\"@id\":\"https:\/\/www.toiture-pro.be\/#\/schema\/logo\/image\/\",\"url\":\"https:\/\/www.toiture-pro.be\/wp-content\/uploads\/2022\/04\/cropped-logo-2-new-ok.jpg\",\"contentUrl\":\"https:\/\/www.toiture-pro.be\/wp-content\/uploads\/2022\/04\/cropped-logo-2-new-ok.jpg\",\"width\":240,\"height\":113,\"caption\":\"Toiture Pro\"},\"image\":{\"@id\":\"https:\/\/www.toiture-pro.be\/#\/schema\/logo\/image\/\"}}]}<\/script>\n<!-- \/ Yoast SEO plugin. -->","yoast_head_json":{"title":"Toiture - Toiture Pro","robots":{"index":"index","follow":"follow","max-snippet":"max-snippet:-1","max-image-preview":"max-image-preview:large","max-video-preview":"max-video-preview:-1"},"canonical":"https:\/\/www.toiture-pro.be\/index.php\/services\/toiture\/","og_locale":"fr_FR","og_type":"article","og_title":"Toiture - Toiture Pro","og_description":"Lorsque nous intervenons sur votre toiture, nous mettons toutes nos comp\u00e9tences \u00e0 votre service et ce, pour vous proposer les meilleures prestations possibles et vous assurer un toit solide et de la meilleure qualit\u00e9. La pose d&#8217;une toiture doit \u00eatre r\u00e9alis\u00e9e de mani\u00e8re pr\u00e9cise et s\u00e9rieuse car c&#8217;est la partie de votre toit qui est &hellip; Continue reading \"Toiture\"","og_url":"https:\/\/www.toiture-pro.be\/index.php\/services\/toiture\/","og_site_name":"Toiture Pro","article_modified_time":"2022-04-15T13:52:47+00:00","og_image":[{"url":"http:\/\/www.toiture-pro.be\/wp-content\/uploads\/2022\/04\/toiture-3-1024x314.jpg"}],"twitter_card":"summary_large_image","twitter_misc":{"Dur\u00e9e de lecture estim\u00e9e":"1 minute"},"schema":{"@context":"https:\/\/schema.org","@graph":[{"@type":"WebPage","@id":"https:\/\/www.toiture-pro.be\/index.php\/services\/toiture\/","url":"https:\/\/www.toiture-pro.be\/index.php\/services\/toiture\/","name":"Toiture - Toiture Pro","isPartOf":{"@id":"https:\/\/www.toiture-pro.be\/#website"},"datePublished":"2022-04-14T08:08:59+00:00","dateModified":"2022-04-15T13:52:47+00:00","breadcrumb":{"@id":"https:\/\/www.toiture-pro.be\/index.php\/services\/toiture\/#breadcrumb"},"inLanguage":"fr-FR","potentialAction":[{"@type":"ReadAction","target":["https:\/\/www.toiture-pro.be\/index.php\/services\/toiture\/"]}]},{"@type":"BreadcrumbList","@id":"https:\/\/www.toiture-pro.be\/index.php\/services\/toiture\/#breadcrumb","itemListElement":[{"@type":"ListItem","position":1,"name":"Accueil","item":"https:\/\/www.toiture-pro.be\/"},{"@type":"ListItem","position":2,"name":"Services","item":"https:\/\/www.toiture-pro.be\/index.php\/services\/"},{"@type":"ListItem","position":3,"name":"Toiture"}]},{"@type":"WebSite","@id":"https:\/\/www.toiture-pro.be\/#website","url":"https:\/\/www.toiture-pro.be\/","name":"Toiture Pro","description":"Un point c&#039;est Toit !","publisher":{"@id":"https:\/\/www.toiture-pro.be\/#organization"},"potentialAction":[{"@type":"SearchAction","target":{"@type":"EntryPoint","urlTemplate":"https:\/\/www.toiture-pro.be\/?s={search_term_string}"},"query-input":"required name=search_term_string"}],"inLanguage":"fr-FR"},{"@type":"Organization","@id":"https:\/\/www.toiture-pro.be\/#organization","name":"Toiture Pro","url":"https:\/\/www.toiture-pro.be\/","logo":{"@type":"ImageObject","inLanguage":"fr-FR","@id":"https:\/\/www.toiture-pro.be\/#\/schema\/logo\/image\/","url":"https:\/\/www.toiture-pro.be\/wp-content\/uploads\/2022\/04\/cropped-logo-2-new-ok.jpg","contentUrl":"https:\/\/www.toiture-pro.be\/wp-content\/uploads\/2022\/04\/cropped-logo-2-new-ok.jpg","width":240,"height":113,"caption":"Toiture Pro"},"image":{"@id":"https:\/\/www.toiture-pro.be\/#\/schema\/logo\/image\/"}}]}},"_links":{"self":[{"href":"https:\/\/www.toiture-pro.be\/index.php\/wp-json\/wp\/v2\/pages\/289","targetHints":{"allow":["GET"]}}],"collection":[{"href":"https:\/\/www.toiture-pro.be\/index.php\/wp-json\/wp\/v2\/pages"}],"about":[{"href":"https:\/\/www.toiture-pro.be\/index.php\/wp-json\/wp\/v2\/types\/page"}],"author":[{"embeddable":true,"href":"https:\/\/www.toiture-pro.be\/index.php\/wp-json\/wp\/v2\/users\/1"}],"replies":[{"embeddable":true,"href":"https:\/\/www.toiture-pro.be\/index.php\/wp-json\/wp\/v2\/comments?post=289"}],"version-history":[{"count":17,"href":"https:\/\/www.toiture-pro.be\/index.php\/wp-json\/wp\/v2\/pages\/289\/revisions"}],"predecessor-version":[{"id":532,"href":"https:\/\/www.toiture-pro.be\/index.php\/wp-json\/wp\/v2\/pages\/289\/revisions\/532"}],"up":[{"embeddable":true,"href":"https:\/\/www.toiture-pro.be\/index.php\/wp-json\/wp\/v2\/pages\/283"}],"wp:attachment":[{"href":"https:\/\/www.toiture-pro.be\/index.php\/wp-json\/wp\/v2\/media?parent=289"}],"curies":[{"name":"wp","href":"https:\/\/api.w.org\/{rel}","templated":true}]}}